ase 16, what is -49b - 11?
-4ac
In base 7, what is -4233335 + -5?
-4233343
In base 6, what is -1144 + -5?
-1153
In base 12, what is 44 + a80?
b04
In base 6, what is -5 + 2314311?
2314302
In base 15, what is -104 + -536?
-63a
In base 7, what is 16503 - 241?
16232
In base 2, what is -101011011 - -1110000?
-11101011
In base 6, what is 0 + 31534042?
31534042
In base 13, what is -1184b1 - 8?
-1184b9
In base 2, what is 11 - -111100100111100?
111100100111111
In base 13, what is -16b5 - -88?
-162a
In base 10, what is -542593 + 0?
-542593
In base 12, what is -24 - 2200?
-2224
In base 3, what is -11 - 1202000220?
-1202001001
In base 6, what is -32355 - 120?
-32515
In base 3, what is -11 - 120110101?
-120110112
In base 16, what is 4a95 - -3a?
4acf
In base 13, what is -40 + 9c3?
983
In base 6, what is -1035 + 14102?
13023
In base 15, what is 0 + -105906?
-105906
In base 7, what is -4 - -5563?
5556
In base 10, what is 10795 - -6?
10801
In base 7, what is 46050 - 1?
46046
In base 4, what is 320311 + 3101?
330012
In base 14, what is -280 - -44?
-23a
In base 12, what is a4 + -180?
-98
In base 12, what is -114337 - 0?
-114337
In base 14, what is 7d9b7 + 3?
7d9ba
In base 15, what is 2411 + 2?
2413
In base 16, what is 2a - -e09?
e33
In base 12, what is -69 - -1b9?
150
In base 3, what is 120 - 11020010?
-11012120
In base 4, what is 103312 + 22?
110000
In base 8, what is -4 - -1065031?
1065025
In base 4, what is 2030 + -2111?
-21
In base 4, what is -20231 + 1132131?
1111300
In base 12, what is 475 + -22?
453
In base 4, what is -100300 - -13?
-100221
In base 11, what is -2041 + -12?
-2053
In base 10, what is 2 - -22939?
22941
In base 15, what is b477 - -39?
b4b1
In base 13, what is -1729 + 8?
-1721
In base 4, what is -1111 + 2121?
1010
In base 11, what is 33a61 + 6?
33a67
In base 5, what is -2 + 321331?
321324
In base 12, what is -57564 - -23?
-57541
In base 16, what is 2 - -b288?
b28a
In base 3, what is 212000121 + -2?
212000112
In base 12, what is -a8 - 6938?
-6a24
In base 13, what is 96b91 + 5?
96b96
In base 7, what is 3116250 - -4?
3116254
In base 10, what is -6 + 153150?
153144
In base 10, what is 150 - -143?
293
In base 4, what is -2202313 + 10112?
-2132201
In base 5, what is -13 + -232004?
-232022
In base 7, what is -5140 - -22?
-5115
In base 16, what is 1131f - 4?
1131b
In base 12, what is -4415 + 1?
-4414
In base 3, what is -2 - -10011210?
10011201
In base 16, what is 765 + -5?
760
In base 10, what is 8661 + -11?
8650
In base 5, what is 2 + 20312042?
20312044
In base 14, what is -c5 + 67c?
597
In base 13, what is -18a7 - -2b?
-1879
In base 13, what is cb2 + -3?
cac
In base 9, what is 70 - 1208?
-1128
In base 8, what is 65007 - -2?
65011
In base 12, what is -1 - -a5902?
a5901
In base 15, what is 8b1 + -26?
88a
In base 7, what is -20 - 124361?
-124411
In base 5, what is -13 + -20433?
-21001
In base 6, what is -10433 + 2311?
-4122
In base 2, what is -1000001001 - -100100011011?
11100010010
In base 2, what is -1 - 10100100110111?
-10100100111000
In base 4, what is 11201 + 13202?
31003
In base 3, what is 22122011202 - 10?
22122011122
In base 3, what is -102122000211 + -11?
-102122000222
In base 10, what is -1 - 103631?
-103632
In base 11, what is -23026 - 24?
-2304a
In base 8, what is 1726310 + -3?
1726305
In base 2, what is -1000 - 11101110101011?
-11101110110011
In base 10, what is 5382 - 426?
4956
In base 6, what is -3054 - -135?
-2515
In base 3, what is -210102 - -112?
-202220
In base 11, what is -2262 - -97?
-2176
In base 9, what is -42081 - 0?
-42081
In base 4, what is -3 + 103100103?
103100100
In base 8, what is 26 + -5532?
-5504
In base 11, what is 521372 - -3?
521375
In base 10, what is -27 + 57?
30
In base 5, what is 0 - 223202?
-223202
In base 12, what is -2 + -4465?
-4467
In base 11, what is 7 - 286a?
-2863
In base 7, what is 1505 - 2025?
-220
In base 16, what is -f89 - 15?
-f9e
In base 2, what is 1001001001001100 + 111011?
1001001010000111
In base 3, what is 210 + -21111201?
-21110221
In base 5, what is -2 + -14013223?
-14013230
In base 2, what is 100000110000011010100 + 100?
100000110000011011000
In base 15, what is 15 + 55e?
574
In base 14, what is -126 - -614?
4cc
In base 7, what is 6 + 35343?
35352
In base 16, what is 4 - 13f2?
-13ee
In base 14, what is 28583 - -16?
28599
In base 13, what is 731 + -5b?
6a3
In base 5, what is 4200201 - -42?
4200243
In base 16, what is 1b - 1491?
-1476
In base 4, what is -13023223 - 2?
-13023231
In base 8, what is 1 + 14216?
14217
In base 8, what is 16 - 455305?
-455267
In base 4, what is -3 - -213300111?
213300102
In base 4, what is -2221112 - 1101?
-2222213
In base 5, what is -32223343 + 4?
-32223334
In base 3, what is 110010100000 - 12?
110010022211
In base 3, what is -120012 - -110000?
-10012
In base 2, what is -11 - 1001011010001111010?
-1001011010001111101
In base 3, what is 111 + -2021101?
-2020220
In base 6, what is -230 - -1235?
1005
In base 16, what is 5 + -1809b?
-18096
In base 6, what is -3 - -2450332?
2450325
In base 13, what is -19 + 20?
4
In base 4, what is -23102133310 + 11?
-23102133233
In base 7, what is 1430220 - -2?
1430222
In base 7, what is -1 + -65440?
-65441
In base 15, what is ec + -cc?
20
In base 7, what is -56164 + 23?
-56141
In base 12, what is -18 - 638?
-654
In base 16, what is 95 + 7d9?
86e
In base 4, what is 203323223 - -1?
203323230
In base 14, what is 8cb9 - 5?
8cb4
In base 11, what is -5218 + 2?
-5216
In base 13, what is -5 + 1703?
16cb
In base 6, what is 2154143 - -35?
2154222
In base 2, what is 100 - 111010000010?
-111001111110
In base 3, what is 1121 + -1020201?
-1012010
In base 7, what is 3 - -153001?
153004
In base 2, what is -1111010 - 11?
-1111101
In base 3, what is -102211010 - -1100?
-102202210
In base 15, what is -2b60 + b?
-2b54
In base 16, what is -40 + -bdb?
-c1b
In base 5, what is 113132 - 4?
113123
In base 12, what is 8954 + -3?
8951
In base 8, what is -2265 + 301?
-1764
In base 6, what is -1121405 - -14?
-1121351
In base 9, what is 118282 - 35?
118246
In base 3, what is 0 + 12020000212?
12020000212
In base 14, what is 879 + -35?
844
In base 3, what is 11 + -1010021121?
-1010021110
In base 12, what is -37 - -1136?
10bb
In base 2, what is 1000000101000111 - 11011?
1000000100101100
In base 5, what is 11 + -42024?
-42013
In base 15, what is -14c6 - -1?
-14c5
In base 11, what is -24207a - -6?
-242074
In base 11, what is -3 + -2054a?
-20552
In base 14, what is -ad + 460?
391
In base 13, what is -3 - 8a587?
-8a58a
In base 8, what is 1635 + -2?
1633
In base 7, what is 3 + -24623?
-24620
In base 2, what is -10101100 + 10111111?
10011
In base 7, what is -3 - 146466?
-146502
In base 13, what is 4c0 + -34?
489
In base 8, what is 56 - 1644?
-1566
In base 10, what is -5 + -203370?
-203375
In base 3, what is 0 + -10011111100200?
-10011111100200
In base 8, what is 70 + -7173?
-7103
In base 10, what is -23 - -201?
178
In base 14, what is 0 + -64a75?
-64a75
In base 11, what is 1368 - 27?
1341
In base 15, what is 2 - -4d02a?
4d02c
In base 2, what is -1 - -110001110000101?
110001110000100
In base 13, what is -516 + -17?
-530
In base 4, what is 321 + -12212?
-11231
In base 2, what is -1010000000001 - 1110011?
-1010001110100
In base 4, what is 0 + -12131310?
-12131310
In base 14, what is -533984 - -2?
-533982
In base 15, what is -200 - -65?
-18a
In base 12, what is -1 + 1a3b9?
1a3b8
In base 15, what is 4e90 + d?
4e9d
In base 5, what is -10100 - -1432?
-3113
In base 12, what is -281 - -200?
-81
In base 5, what is -1012120 - -343?
-1011222
In base 15, what is bcec2 - 0?
bcec2
In base 8, what is -3 + 21024?
21021
In base 9, what is 151215 - -5?
151221
In base 12, what is 1629 + -527?
1102
In base 9, what is 16045 - -128?
16174
In base 5, what is -444 + -1043203?
-1044202
In base 11, what is -170991 - 0?
-170991
In base 7, what is 636 - -16135?
20104
In base 10, what is 16314 + 14?
16328
In base 3, what is -1222110 - -20122?
-1201211
In base 4, what is -110 - 210302?
-211012
In base 11, what is -433a37 + -5?
-433a41
In base 12, what is 126 - -3b09?
4033
In base 7, what is 320 - 3050?
-2430
In base 5, what is -3133 - -2140?
-443
In base 8, what is 147 + -2412?
-2243
In base 15, what is 5 - 1452?
-144c
In base 15, what is 3 + -2187d?
-2187a
In base 4, what is 2 - 11023320?
-11023312
In